{"id":1577,"date":"2024-06-17T18:37:54","date_gmt":"2024-06-17T21:37:54","guid":{"rendered":"http:\/\/ppgcited.cavg.ifsul.edu.br\/?page_id=1577"},"modified":"2024-06-17T18:37:54","modified_gmt":"2024-06-17T21:37:54","slug":"programacao-iv-seminario","status":"publish","type":"page","link":"https:\/\/ppgcited.cavg.ifsul.edu.br\/index.php\/programacao-iv-seminario\/","title":{"rendered":"Programa\u00e7\u00e3o IV Semin\u00e1rio"},"content":{"rendered":"\n<figure class=\"wp-block-image size-large\"><img loading=\"lazy\" decoding=\"async\" width=\"1024\" height=\"1024\" src=\"https:\/\/ppgcited.cavg.ifsul.edu.br\/wp-content\/uploads\/2024\/06\/1-1024x1024.png\" alt=\"\" class=\"wp-image-1578\" srcset=\"https:\/\/ppgcited.cavg.ifsul.edu.br\/wp-content\/uploads\/2024\/06\/1-1024x1024.png 1024w, https:\/\/ppgcited.cavg.ifsul.edu.br\/wp-content\/uploads\/2024\/06\/1-300x300.png 300w, https:\/\/ppgcited.cavg.ifsul.edu.br\/wp-content\/uploads\/2024\/06\/1-150x150.png 150w, https:\/\/ppgcited.cavg.ifsul.edu.br\/wp-content\/uploads\/2024\/06\/1-768x768.png 768w, https:\/\/ppgcited.cavg.ifsul.edu.br\/wp-content\/uploads\/2024\/06\/1.png 1080w\" sizes=\"auto, (max-width: 1024px) 100vw, 1024px\" \/><\/figure>\n\n\n\n<figure class=\"wp-block-image size-large\"><img loading=\"lazy\" decoding=\"async\" width=\"1024\" height=\"1024\" src=\"https:\/\/ppgcited.cavg.ifsul.edu.br\/wp-content\/uploads\/2024\/06\/2-1024x1024.png\" alt=\"\" class=\"wp-image-1579\" srcset=\"https:\/\/ppgcited.cavg.ifsul.edu.br\/wp-content\/uploads\/2024\/06\/2-1024x1024.png 1024w, https:\/\/ppgcited.cavg.ifsul.edu.br\/wp-content\/uploads\/2024\/06\/2-300x300.png 300w, https:\/\/ppgcited.cavg.ifsul.edu.br\/wp-content\/uploads\/2024\/06\/2-150x150.png 150w, https:\/\/ppgcited.cavg.ifsul.edu.br\/wp-content\/uploads\/2024\/06\/2-768x768.png 768w, https:\/\/ppgcited.cavg.ifsul.edu.br\/wp-content\/uploads\/2024\/06\/2.png 1080w\" sizes=\"auto, (max-width: 1024px) 100vw, 1024px\" \/><\/figure>\n\n\n\n<figure class=\"wp-block-image size-large\"><img loading=\"lazy\" decoding=\"async\" width=\"1024\" height=\"1024\" src=\"https:\/\/ppgcited.cavg.ifsul.edu.br\/wp-content\/uploads\/2024\/06\/3-1024x1024.png\" alt=\"\" class=\"wp-image-1580\" srcset=\"https:\/\/ppgcited.cavg.ifsul.edu.br\/wp-content\/uploads\/2024\/06\/3-1024x1024.png 1024w, https:\/\/ppgcited.cavg.ifsul.edu.br\/wp-content\/uploads\/2024\/06\/3-300x300.png 300w, https:\/\/ppgcited.cavg.ifsul.edu.br\/wp-content\/uploads\/2024\/06\/3-150x150.png 150w, https:\/\/ppgcited.cavg.ifsul.edu.br\/wp-content\/uploads\/2024\/06\/3-768x768.png 768w, https:\/\/ppgcited.cavg.ifsul.edu.br\/wp-content\/uploads\/2024\/06\/3.png 1080w\" sizes=\"auto, (max-width: 1024px) 100vw, 1024px\" \/><\/figure>\n","protected":false},"excerpt":{"rendered":"","protected":false},"author":1,"featured_media":0,"parent":0,"menu_order":0,"comment_status":"closed","ping_status":"closed","template":"","meta":{"_editorskit_title_hidden":false,"_editorskit_reading_time":0,"_editorskit_is_block_options_detached":false,"_editorskit_block_options_position":"{}","footnotes":""},"folder":[],"class_list":["post-1577","page","type-page","status-publish","hentry"],"_links":{"self":[{"href":"https:\/\/ppgcited.cavg.ifsul.edu.br\/index.php\/wp-json\/wp\/v2\/pages\/1577","targetHints":{"allow":["GET"]}}],"collection":[{"href":"https:\/\/ppgcited.cavg.ifsul.edu.br\/index.php\/wp-json\/wp\/v2\/pages"}],"about":[{"href":"https:\/\/ppgcited.cavg.ifsul.edu.br\/index.php\/wp-json\/wp\/v2\/types\/page"}],"author":[{"embeddable":true,"href":"https:\/\/ppgcited.cavg.ifsul.edu.br\/index.php\/wp-json\/wp\/v2\/users\/1"}],"replies":[{"embeddable":true,"href":"https:\/\/ppgcited.cavg.ifsul.edu.br\/index.php\/wp-json\/wp\/v2\/comments?post=1577"}],"version-history":[{"count":1,"href":"https:\/\/ppgcited.cavg.ifsul.edu.br\/index.php\/wp-json\/wp\/v2\/pages\/1577\/revisions"}],"predecessor-version":[{"id":1582,"href":"https:\/\/ppgcited.cavg.ifsul.edu.br\/index.php\/wp-json\/wp\/v2\/pages\/1577\/revisions\/1582"}],"wp:attachment":[{"href":"https:\/\/ppgcited.cavg.ifsul.edu.br\/index.php\/wp-json\/wp\/v2\/media?parent=1577"}],"wp:term":[{"taxonomy":"folder","embeddable":true,"href":"https:\/\/ppgcited.cavg.ifsul.edu.br\/index.php\/wp-json\/wp\/v2\/folder?post=1577"}],"curies":[{"name":"wp","href":"https:\/\/api.w.org\/{rel}","templated":true}]}}