{"id":2527,"date":"2026-02-04T18:25:27","date_gmt":"2026-02-04T21:25:27","guid":{"rendered":"https:\/\/ppgcited.cavg.ifsul.edu.br\/?page_id=2527"},"modified":"2026-03-31T17:18:13","modified_gmt":"2026-03-31T20:18:13","slug":"lucas-vanini","status":"publish","type":"page","link":"https:\/\/ppgcited.cavg.ifsul.edu.br\/index.php\/lucas-vanini\/","title":{"rendered":"Lucas Vanini"},"content":{"rendered":"\n<p class=\"has-vivid-green-cyan-color has-text-color has-link-color has-large-font-size wp-elements-bc9760d1af65e907e859ae53a93f8b14\"><strong>2026<\/strong><\/p>\n\n\n\n<div class=\"wp-block-columns is-layout-flex wp-container-core-columns-is-layout-9d6595d7 wp-block-columns-is-layout-flex\">\n<div class=\"wp-block-column is-layout-flow wp-block-column-is-layout-flow\" style=\"flex-basis:66.66%\">\n<p class=\"has-small-font-size\"><strong>Autor: <\/strong><a href=\"http:\/\/lattes.cnpq.br\/1358819101795552\" target=\"_blank\" rel=\"noreferrer noopener\">Fl\u00e1via Aguirre Timbola<\/a><\/p>\n\n\n\n<div style=\"height:1px\" aria-hidden=\"true\" class=\"wp-block-spacer\"><\/div>\n\n\n\n<p class=\"has-text-align-justify has-small-font-size\"><strong>T\u00edtulo: <\/strong>ESTAT\u00cdSTICA DESCRITIVA: UMA PROPOSTA DE ENSINO BASEADA NA TEORIA DA APRENDIZAGEM SIGNIFICATIVA CR\u00cdTICA<\/p>\n\n\n\n<div style=\"height:1px\" aria-hidden=\"true\" class=\"wp-block-spacer\"><\/div>\n\n\n\n<p class=\"has-small-font-size\"><strong>Orientador: <\/strong>Prof. Dr. Lucas Vanini<br><\/p>\n\n\n\n<div style=\"height:1px\" aria-hidden=\"true\" class=\"wp-block-spacer\"><\/div>\n\n\n\n<p class=\"has-small-font-size\"><strong>Coorientador: <\/strong>Prof. Dr. Jucelino Cortez<br><\/p>\n<\/div>\n\n\n\n<div class=\"wp-block-column is-layout-flow wp-block-column-is-layout-flow\" style=\"flex-basis:33.33%\">\n<div style=\"height:50px\" aria-hidden=\"true\" class=\"wp-block-spacer\"><\/div>\n\n\n\n<div class=\"wp-block-buttons is-content-justification-center is-layout-flex wp-container-core-buttons-is-layout-16018d1d wp-block-buttons-is-layout-flex\">\n<div class=\"wp-block-button has-custom-width wp-block-button__width-100\"><a class=\"wp-block-button__link has-vivid-green-cyan-background-color has-background has-small-font-size has-custom-font-size wp-element-button\" href=\"https:\/\/ppgcited.cavg.ifsul.edu.br\/wp-content\/uploads\/2026\/03\/DISSERTACAO-2026_Flavia_ATT-1.pdf\" target=\"_blank\" rel=\"noreferrer noopener\">Disserta\u00e7\u00e3o<\/a><\/div>\n<\/div>\n\n\n\n<div style=\"height:57px\" aria-hidden=\"true\" class=\"wp-block-spacer\"><\/div>\n\n\n\n<div class=\"wp-block-buttons is-content-justification-center is-layout-flex wp-container-core-buttons-is-layout-16018d1d wp-block-buttons-is-layout-flex\">\n<div class=\"wp-block-button has-custom-width wp-block-button__width-100\"><a class=\"wp-block-button__link has-vivid-green-cyan-background-color has-background has-small-font-size has-custom-font-size wp-element-button\" href=\"https:\/\/ppgcited.cavg.ifsul.edu.br\/wp-content\/uploads\/2026\/03\/PE_Guia-Didatico_ATT.pdf\" target=\"_blank\" rel=\"noreferrer noopener\">Produto Educacional<\/a><\/div>\n<\/div>\n<\/div>\n<\/div>\n\n\n\n<div style=\"height:45px\" aria-hidden=\"true\" class=\"wp-block-spacer\"><\/div>\n\n\n\n<p class=\"has-vivid-green-cyan-color has-text-color has-link-color has-large-font-size wp-elements-29ab9b76ca231da683dce89bd6523194\"><strong>2025<\/strong><\/p>\n\n\n\n<div class=\"wp-block-columns is-layout-flex wp-container-core-columns-is-layout-9d6595d7 wp-block-columns-is-layout-flex\">\n<div class=\"wp-block-column is-layout-flow wp-block-column-is-layout-flow\" style=\"flex-basis:66.66%\">\n<p class=\"has-small-font-size\"><strong>Autor: <\/strong><a href=\"http:\/\/lattes.cnpq.br\/3411126430809198\" target=\"_blank\" rel=\"noreferrer noopener\">J\u00falia Vidal<\/a><\/p>\n\n\n\n<div style=\"height:1px\" aria-hidden=\"true\" class=\"wp-block-spacer\"><\/div>\n\n\n\n<p class=\"has-text-align-justify has-small-font-size\"><strong>T\u00edtulo: <\/strong>CURSO DE FORMA\u00c7\u00c3O CONTINUADA: CONTRIBUI\u00c7\u00d5ES PARA QUALIFICAR O PROCESSO ENTRE CUIDADORES EDUCACIONAIS E O ENSINO DA MATEM\u00c1TICA NO MUNIC\u00cdPIO DE TAPEJARA<\/p>\n\n\n\n<div style=\"height:1px\" aria-hidden=\"true\" class=\"wp-block-spacer\"><\/div>\n\n\n\n<p class=\"has-small-font-size\"><strong>Orientador: <\/strong>Prof. Dr. Lucas Vanini<br><\/p>\n\n\n\n<div style=\"height:1px\" aria-hidden=\"true\" class=\"wp-block-spacer\"><\/div>\n\n\n\n<p class=\"has-small-font-size\"><strong>Coorientadora: <\/strong>Profa. Dra. Maria Raquel Caetano<br><\/p>\n<\/div>\n\n\n\n<div class=\"wp-block-column is-layout-flow wp-block-column-is-layout-flow\" style=\"flex-basis:33.33%\">\n<div style=\"height:65px\" aria-hidden=\"true\" class=\"wp-block-spacer\"><\/div>\n\n\n\n<div class=\"wp-block-buttons is-content-justification-center is-layout-flex wp-container-core-buttons-is-layout-16018d1d wp-block-buttons-is-layout-flex\">\n<div class=\"wp-block-button has-custom-width wp-block-button__width-100\"><a class=\"wp-block-button__link has-vivid-green-cyan-background-color has-background has-small-font-size has-custom-font-size wp-element-button\" href=\"https:\/\/ppgcited.cavg.ifsul.edu.br\/wp-content\/uploads\/2026\/02\/Dissertacao-Julia-Vidal-Catalogada.pdf\" target=\"_blank\" rel=\"noreferrer noopener\">Disserta\u00e7\u00e3o<\/a><\/div>\n<\/div>\n\n\n\n<div style=\"height:57px\" aria-hidden=\"true\" class=\"wp-block-spacer\"><\/div>\n\n\n\n<div class=\"wp-block-buttons is-content-justification-center is-layout-flex wp-container-core-buttons-is-layout-16018d1d wp-block-buttons-is-layout-flex\">\n<div class=\"wp-block-button has-custom-width wp-block-button__width-100\"><a class=\"wp-block-button__link has-vivid-green-cyan-background-color has-background has-small-font-size has-custom-font-size wp-element-button\" href=\"https:\/\/ppgcited.cavg.ifsul.edu.br\/wp-content\/uploads\/2026\/02\/Produto-Educacional-catalografada.pdf\" target=\"_blank\" rel=\"noreferrer noopener\">Produto Educacional<\/a><\/div>\n<\/div>\n<\/div>\n<\/div>\n\n\n\n<div style=\"height:45px\" aria-hidden=\"true\" class=\"wp-block-spacer\"><\/div>\n","protected":false},"excerpt":{"rendered":"<p>2026 Autor: Fl\u00e1via Aguirre Timbola T\u00edtulo: ESTAT\u00cdSTICA DESCRITIVA: UMA PROPOSTA DE ENSINO BASEADA NA TEORIA DA APRENDIZAGEM SIGNIFICATIVA CR\u00cdTICA Orientador: Prof. Dr. Lucas Vanini Coorientador: Prof. Dr. Jucelino Cortez 2025 [&hellip;]<\/p>\n","protected":false},"author":1,"featured_media":0,"parent":0,"menu_order":0,"comment_status":"closed","ping_status":"closed","template":"","meta":{"_editorskit_title_hidden":true,"_editorskit_reading_time":0,"_editorskit_is_block_options_detached":false,"_editorskit_block_options_position":"{}","footnotes":""},"folder":[],"class_list":["post-2527","page","type-page","status-publish","hentry"],"_links":{"self":[{"href":"https:\/\/ppgcited.cavg.ifsul.edu.br\/index.php\/wp-json\/wp\/v2\/pages\/2527","targetHints":{"allow":["GET"]}}],"collection":[{"href":"https:\/\/ppgcited.cavg.ifsul.edu.br\/index.php\/wp-json\/wp\/v2\/pages"}],"about":[{"href":"https:\/\/ppgcited.cavg.ifsul.edu.br\/index.php\/wp-json\/wp\/v2\/types\/page"}],"author":[{"embeddable":true,"href":"https:\/\/ppgcited.cavg.ifsul.edu.br\/index.php\/wp-json\/wp\/v2\/users\/1"}],"replies":[{"embeddable":true,"href":"https:\/\/ppgcited.cavg.ifsul.edu.br\/index.php\/wp-json\/wp\/v2\/comments?post=2527"}],"version-history":[{"count":9,"href":"https:\/\/ppgcited.cavg.ifsul.edu.br\/index.php\/wp-json\/wp\/v2\/pages\/2527\/revisions"}],"predecessor-version":[{"id":2646,"href":"https:\/\/ppgcited.cavg.ifsul.edu.br\/index.php\/wp-json\/wp\/v2\/pages\/2527\/revisions\/2646"}],"wp:attachment":[{"href":"https:\/\/ppgcited.cavg.ifsul.edu.br\/index.php\/wp-json\/wp\/v2\/media?parent=2527"}],"wp:term":[{"taxonomy":"folder","embeddable":true,"href":"https:\/\/ppgcited.cavg.ifsul.edu.br\/index.php\/wp-json\/wp\/v2\/folder?post=2527"}],"curies":[{"name":"wp","href":"https:\/\/api.w.org\/{rel}","templated":true}]}}

<p class="has-vivid-green-cyan-color has-text-color has-link-color has-large-font-size wp-elements-bc9760d1af65e907e859ae53a93f8b14"><strong>2026</strong></p>



<div class="wp-block-columns is-layout-flex wp-container-core-columns-is-layout-9d6595d7 wp-block-columns-is-layout-flex">
<div class="wp-block-column is-layout-flow wp-block-column-is-layout-flow" style="flex-basis:66.66%">
<p class="has-small-font-size"><strong>Autor: </strong><a href="http://lattes.cnpq.br/1358819101795552" target="_blank" rel="noreferrer noopener">Flávia Aguirre Timbola</a></p>



<div style="height:1px" aria-hidden="true" class="wp-block-spacer"></div>



<p class="has-text-align-justify has-small-font-size"><strong>Título: </strong>ESTATÍSTICA DESCRITIVA: UMA PROPOSTA DE ENSINO BASEADA NA TEORIA DA APRENDIZAGEM SIGNIFICATIVA CRÍTICA</p>



<div style="height:1px" aria-hidden="true" class="wp-block-spacer"></div>



<p class="has-small-font-size"><strong>Orientador: </strong>Prof. Dr. Lucas Vanini<br></p>



<div style="height:1px" aria-hidden="true" class="wp-block-spacer"></div>



<p class="has-small-font-size"><strong>Coorientador: </strong>Prof. Dr. Jucelino Cortez<br></p>
</div>



<div class="wp-block-column is-layout-flow wp-block-column-is-layout-flow" style="flex-basis:33.33%">
<div style="height:50px" aria-hidden="true" class="wp-block-spacer"></div>



<div class="wp-block-buttons is-content-justification-center is-layout-flex wp-container-core-buttons-is-layout-16018d1d wp-block-buttons-is-layout-flex">
<div class="wp-block-button has-custom-width wp-block-button__width-100"><a class="wp-block-button__link has-vivid-green-cyan-background-color has-background has-small-font-size has-custom-font-size wp-element-button" href="https://ppgcited.cavg.ifsul.edu.br/wp-content/uploads/2026/03/DISSERTACAO-2026_Flavia_ATT-1.pdf" target="_blank" rel="noreferrer noopener">Dissertação</a></div>
</div>



<div style="height:57px" aria-hidden="true" class="wp-block-spacer"></div>



<div class="wp-block-buttons is-content-justification-center is-layout-flex wp-container-core-buttons-is-layout-16018d1d wp-block-buttons-is-layout-flex">
<div class="wp-block-button has-custom-width wp-block-button__width-100"><a class="wp-block-button__link has-vivid-green-cyan-background-color has-background has-small-font-size has-custom-font-size wp-element-button" href="https://ppgcited.cavg.ifsul.edu.br/wp-content/uploads/2026/03/PE_Guia-Didatico_ATT.pdf" target="_blank" rel="noreferrer noopener">Produto Educacional</a></div>
</div>
</div>
</div>



<div style="height:45px" aria-hidden="true" class="wp-block-spacer"></div>



<p class="has-vivid-green-cyan-color has-text-color has-link-color has-large-font-size wp-elements-29ab9b76ca231da683dce89bd6523194"><strong>2025</strong></p>



<div class="wp-block-columns is-layout-flex wp-container-core-columns-is-layout-9d6595d7 wp-block-columns-is-layout-flex">
<div class="wp-block-column is-layout-flow wp-block-column-is-layout-flow" style="flex-basis:66.66%">
<p class="has-small-font-size"><strong>Autor: </strong><a href="http://lattes.cnpq.br/3411126430809198" target="_blank" rel="noreferrer noopener">Júlia Vidal</a></p>



<div style="height:1px" aria-hidden="true" class="wp-block-spacer"></div>



<p class="has-text-align-justify has-small-font-size"><strong>Título: </strong>CURSO DE FORMAÇÃO CONTINUADA: CONTRIBUIÇÕES PARA QUALIFICAR O PROCESSO ENTRE CUIDADORES EDUCACIONAIS E O ENSINO DA MATEMÁTICA NO MUNICÍPIO DE TAPEJARA</p>



<div style="height:1px" aria-hidden="true" class="wp-block-spacer"></div>



<p class="has-small-font-size"><strong>Orientador: </strong>Prof. Dr. Lucas Vanini<br></p>



<div style="height:1px" aria-hidden="true" class="wp-block-spacer"></div>



<p class="has-small-font-size"><strong>Coorientadora: </strong>Profa. Dra. Maria Raquel Caetano<br></p>
</div>



<div class="wp-block-column is-layout-flow wp-block-column-is-layout-flow" style="flex-basis:33.33%">
<div style="height:65px" aria-hidden="true" class="wp-block-spacer"></div>



<div class="wp-block-buttons is-content-justification-center is-layout-flex wp-container-core-buttons-is-layout-16018d1d wp-block-buttons-is-layout-flex">
<div class="wp-block-button has-custom-width wp-block-button__width-100"><a class="wp-block-button__link has-vivid-green-cyan-background-color has-background has-small-font-size has-custom-font-size wp-element-button" href="https://ppgcited.cavg.ifsul.edu.br/wp-content/uploads/2026/02/Dissertacao-Julia-Vidal-Catalogada.pdf" target="_blank" rel="noreferrer noopener">Dissertação</a></div>
</div>



<div style="height:57px" aria-hidden="true" class="wp-block-spacer"></div>



<div class="wp-block-buttons is-content-justification-center is-layout-flex wp-container-core-buttons-is-layout-16018d1d wp-block-buttons-is-layout-flex">
<div class="wp-block-button has-custom-width wp-block-button__width-100"><a class="wp-block-button__link has-vivid-green-cyan-background-color has-background has-small-font-size has-custom-font-size wp-element-button" href="https://ppgcited.cavg.ifsul.edu.br/wp-content/uploads/2026/02/Produto-Educacional-catalografada.pdf" target="_blank" rel="noreferrer noopener">Produto Educacional</a></div>
</div>
</div>
</div>



<div style="height:45px" aria-hidden="true" class="wp-block-spacer"></div>

<p>2026 Autor: Flávia Aguirre Timbola Título: ESTATÍSTICA DESCRITIVA: UMA PROPOSTA DE ENSINO BASEADA NA TEORIA DA APRENDIZAGEM SIGNIFICATIVA CRÍTICA Orientador: Prof. Dr. Lucas Vanini Coorientador: Prof. Dr. Jucelino Cortez 2025 [&hellip;]</p>
