{"id":295,"date":"2024-04-16T22:40:41","date_gmt":"2024-04-17T01:40:41","guid":{"rendered":"http:\/\/novoppgcited.cavg.ifsul.edu.br\/?page_id=295"},"modified":"2024-04-21T23:18:28","modified_gmt":"2024-04-22T02:18:28","slug":"formacao-de-professores-em-ciencias","status":"publish","type":"page","link":"https:\/\/ppgcited.cavg.ifsul.edu.br\/index.php\/formacao-de-professores-em-ciencias\/","title":{"rendered":"Forma\u00e7\u00e3o de Professores em Ci\u00eancias"},"content":{"rendered":"\n<p class=\"has-text-align-justify has-small-font-size\">Desenvolve investiga\u00e7\u00f5es sobre a forma\u00e7\u00e3o inicial e continuada nos diferentes n\u00edveis e espa\u00e7os educativos nos quais os\/as docentes de Ci\u00eancias e de Matem\u00e1tica atuam, tendo por refer\u00eancia a rela\u00e7\u00e3o entre os aspectos pessoal-profissional da forma\u00e7\u00e3o, bem como os saberes e fazeres espec\u00edficos das \u00e1reas de Ci\u00eancias e Matem\u00e1tica para a constitui\u00e7\u00e3o da doc\u00eancia. A forma\u00e7\u00e3o \u00e9 compreendida como um processo de natureza social, envolvendo atividades interpessoais que compreendem os sujeitos que se preparam para serem docentes (forma\u00e7\u00e3o inicial) e aqueles que j\u00e1 est\u00e3o engajados na profiss\u00e3o docente (forma\u00e7\u00e3o continuada). Tem por finalidade a aquisi\u00e7\u00e3o, o desenvolvimento e o aperfei\u00e7oamento de conhecimentos e pr\u00e1ticas educativas, na perspectiva do desenvolvimento profissional docente.<\/p>\n\n\n\n<figure class=\"wp-block-table caption-align-center has-small-font-size\"><table><tbody><tr><td class=\"has-text-align-center\" data-align=\"center\"><strong>Orientadores do Campus CaVG<\/strong><\/td><td class=\"has-text-align-center\" data-align=\"center\"><strong>Orientadores do Campus&nbsp;Passo Fundo<\/strong><\/td><\/tr><tr><td class=\"has-text-align-center\" data-align=\"center\">Angelita Hentges<br>Cristiano da Silva Buss<br>Marcos Andr\u00e9 Betemps Vaz da Silva<br>Maykon Gon\u00e7alves M\u00fcller<br>Nelson Luis Reyes Marques<br>Vin\u00edcius Carvalho Beck<\/td><td class=\"has-text-align-center\" data-align=\"center\">Jucelino Cortez<br>Lucas Vanini<br>Maria Carolina Fortes<br>Maria Raquel Caetano<\/td><\/tr><\/tbody><\/table><\/figure>\n","protected":false},"excerpt":{"rendered":"<p>Desenvolve investiga\u00e7\u00f5es sobre a forma\u00e7\u00e3o inicial e continuada nos diferentes n\u00edveis e espa\u00e7os educativos nos quais os\/as docentes de Ci\u00eancias e de Matem\u00e1tica atuam, tendo por refer\u00eancia a rela\u00e7\u00e3o entre [&hellip;]<\/p>\n","protected":false},"author":1,"featured_media":0,"parent":0,"menu_order":0,"comment_status":"closed","ping_status":"closed","template":"","meta":{"_editorskit_title_hidden":false,"_editorskit_reading_time":0,"_editorskit_is_block_options_detached":false,"_editorskit_block_options_position":"{}","footnotes":""},"folder":[],"class_list":["post-295","page","type-page","status-publish","hentry"],"_links":{"self":[{"href":"https:\/\/ppgcited.cavg.ifsul.edu.br\/index.php\/wp-json\/wp\/v2\/pages\/295","targetHints":{"allow":["GET"]}}],"collection":[{"href":"https:\/\/ppgcited.cavg.ifsul.edu.br\/index.php\/wp-json\/wp\/v2\/pages"}],"about":[{"href":"https:\/\/ppgcited.cavg.ifsul.edu.br\/index.php\/wp-json\/wp\/v2\/types\/page"}],"author":[{"embeddable":true,"href":"https:\/\/ppgcited.cavg.ifsul.edu.br\/index.php\/wp-json\/wp\/v2\/users\/1"}],"replies":[{"embeddable":true,"href":"https:\/\/ppgcited.cavg.ifsul.edu.br\/index.php\/wp-json\/wp\/v2\/comments?post=295"}],"version-history":[{"count":5,"href":"https:\/\/ppgcited.cavg.ifsul.edu.br\/index.php\/wp-json\/wp\/v2\/pages\/295\/revisions"}],"predecessor-version":[{"id":916,"href":"https:\/\/ppgcited.cavg.ifsul.edu.br\/index.php\/wp-json\/wp\/v2\/pages\/295\/revisions\/916"}],"wp:attachment":[{"href":"https:\/\/ppgcited.cavg.ifsul.edu.br\/index.php\/wp-json\/wp\/v2\/media?parent=295"}],"wp:term":[{"taxonomy":"folder","embeddable":true,"href":"https:\/\/ppgcited.cavg.ifsul.edu.br\/index.php\/wp-json\/wp\/v2\/folder?post=295"}],"curies":[{"name":"wp","href":"https:\/\/api.w.org\/{rel}","templated":true}]}}