{"id":87,"date":"2024-04-09T15:25:55","date_gmt":"2024-04-09T18:25:55","guid":{"rendered":"http:\/\/172.16.0.170\/ppgcited_sitenovo\/?page_id=87"},"modified":"2025-02-07T19:59:03","modified_gmt":"2025-02-07T22:59:03","slug":"objetivos-do-ppgcited-ifsul","status":"publish","type":"page","link":"https:\/\/ppgcited.cavg.ifsul.edu.br\/index.php\/objetivos-do-ppgcited-ifsul\/","title":{"rendered":"Objetivos"},"content":{"rendered":"\r\n<h3><span style=\"color: #99cc00;\"><strong>Geral<\/strong><\/span><\/h3>\r\n\r\n\r\n\r\n<p class=\"has-tablet-text-align-justify has-mobile-text-align-justify\" style=\"text-align: justify;\">O curso de Mestrado Profissional em Ci\u00eancias e Tecnologias na Educa\u00e7\u00e3o proposto pelo C\u00e2mpus Pelotas &#8211; Visconde da Gra\u00e7a do Instituto Federal Sul-rio-grandense tem por objetivo oferecer qualifica\u00e7\u00e3o, em n\u00edvel de p\u00f3s-gradua\u00e7\u00e3o <em>stricto sensu<\/em>, a graduadas\/os em cursos reconhecidos pelo MEC, que atuem na educa\u00e7\u00e3o cient\u00edfica e suas interfaces com as Tecnologias Educacionais, especialmente docentes das Ci\u00eancias da Natureza e Matem\u00e1tica, por meio da produ\u00e7\u00e3o e difus\u00e3o de conhecimentos envolvendo atividades de pesquisa, ensino e extens\u00e3o, articulando teoria, pesquisa e pr\u00e1tica.<\/p>\r\n\r\n\r\n\r\n<h3><span style=\"color: #99cc00;\"><strong>Espec\u00edficos<\/strong><\/span><\/h3>\r\n<ul>\r\n<li style=\"text-align: justify;\"><span style=\"text-align: justify;\">promover a forma\u00e7\u00e3o e o desenvolvimento de profissionais da educa\u00e7\u00e3o com uma abordagem interdisciplinar e interprofissional, preparando-os para atuar de forma colaborativa e integrada no campo do Ensino de Ci\u00eancias, Matem\u00e1tica e Tecnologias Educacionais;<\/span><\/li>\r\n<li style=\"text-align: justify;\">desenvolver a capacidade das\/os estudantes de realizar pesquisas, de investigar situa\u00e7\u00f5es que levem \u00e0 produ\u00e7\u00e3o de conhecimento, participar de debates, refletir sobre teorias e conceitos, bem como criar produtos educacionais inovadores que possam ser aplicados em sistemas educacionais relacionados \u00e0 pr\u00e1tica profissional da\/o discente;<\/li>\r\n<li style=\"text-align: justify;\">realizar pesquisas e estudos avan\u00e7ados, apresentando os resultados por meio de trabalhos cient\u00edficos, publica\u00e7\u00f5es acad\u00eamicas, participa\u00e7\u00f5es em eventos acad\u00eamicos e comunica\u00e7\u00f5es orais, contribuindo assim para o avan\u00e7o da \u00e1rea de Ensino de Ci\u00eancias e Matem\u00e1tica;<\/li>\r\n<li style=\"text-align: justify;\">oferecer uma forma\u00e7\u00e3o completa e diversificada que capacite as\/os estudantes a elaborar disserta\u00e7\u00f5es de alta qualidade na \u00e1rea de concentra\u00e7\u00e3o do Programa, al\u00e9m de desenvolver, aplicar e analisar produtos educacionais que possam beneficiar a educa\u00e7\u00e3o;<\/li>\r\n<li style=\"text-align: justify;\">estimular o desenvolvimento cont\u00ednuo de pesquisas que contribuam para a constru\u00e7\u00e3o de uma sociedade plural e democr\u00e1tica, promovendo a inclus\u00e3o, o respeito \u00e0 diversidade cultural, social, \u00e9tnico-racial e de g\u00eanero.<\/li>\r\n<\/ul>\r\n<ul class=\"wp-block-list\">\r\n\r\n\r\n\r\n\r\n\r\n\r\n\r\n<\/ul>\r\n<!-- \/wp:post-content -->","protected":false},"excerpt":{"rendered":"<p>Geral O curso de Mestrado Profissional em Ci\u00eancias e Tecnologias na Educa\u00e7\u00e3o proposto pelo C\u00e2mpus Pelotas &#8211; Visconde da Gra\u00e7a do Instituto Federal Sul-rio-grandense tem por objetivo oferecer qualifica\u00e7\u00e3o, em [&hellip;]<\/p>\n","protected":false},"author":1,"featured_media":0,"parent":0,"menu_order":0,"comment_status":"closed","ping_status":"closed","template":"","meta":{"_editorskit_title_hidden":false,"_editorskit_reading_time":0,"_editorskit_is_block_options_detached":false,"_editorskit_block_options_position":"{}","footnotes":""},"folder":[],"class_list":["post-87","page","type-page","status-publish","hentry"],"_links":{"self":[{"href":"https:\/\/ppgcited.cavg.ifsul.edu.br\/index.php\/wp-json\/wp\/v2\/pages\/87","targetHints":{"allow":["GET"]}}],"collection":[{"href":"https:\/\/ppgcited.cavg.ifsul.edu.br\/index.php\/wp-json\/wp\/v2\/pages"}],"about":[{"href":"https:\/\/ppgcited.cavg.ifsul.edu.br\/index.php\/wp-json\/wp\/v2\/types\/page"}],"author":[{"embeddable":true,"href":"https:\/\/ppgcited.cavg.ifsul.edu.br\/index.php\/wp-json\/wp\/v2\/users\/1"}],"replies":[{"embeddable":true,"href":"https:\/\/ppgcited.cavg.ifsul.edu.br\/index.php\/wp-json\/wp\/v2\/comments?post=87"}],"version-history":[{"count":16,"href":"https:\/\/ppgcited.cavg.ifsul.edu.br\/index.php\/wp-json\/wp\/v2\/pages\/87\/revisions"}],"predecessor-version":[{"id":2039,"href":"https:\/\/ppgcited.cavg.ifsul.edu.br\/index.php\/wp-json\/wp\/v2\/pages\/87\/revisions\/2039"}],"wp:attachment":[{"href":"https:\/\/ppgcited.cavg.ifsul.edu.br\/index.php\/wp-json\/wp\/v2\/media?parent=87"}],"wp:term":[{"taxonomy":"folder","embeddable":true,"href":"https:\/\/ppgcited.cavg.ifsul.edu.br\/index.php\/wp-json\/wp\/v2\/folder?post=87"}],"curies":[{"name":"wp","href":"https:\/\/api.w.org\/{rel}","templated":true}]}}